814 and 6759.
2253
What is the highest common divisor of 131888226 and 3246?
3246
Calculate the greatest common divisor of 1898 and 3045718.
26
Calculate the highest common divisor of 13242992 and 12363.
317
Calculate the highest common divisor of 30797362 and 116.
58
What is the highest common factor of 44683845 and 120?
15
Calculate the highest common divisor of 19505948 and 308.
308
What is the highest common factor of 215 and 370345?
5
Calculate the greatest common factor of 1868 and 150644860.
1868
Calculate the highest common factor of 108 and 2289978.
54
Calculate the greatest common factor of 462 and 11834900.
154
What is the highest common divisor of 426 and 6285772?
142
Calculate the highest common divisor of 4760665 and 910.
455
Calculate the highest common divisor of 146132 and 5404.
28
What is the highest common factor of 6196 and 183201779?
1549
Calculate the highest common divisor of 63112 and 55591.
23
Calculate the greatest common divisor of 3106 and 808.
2
What is the greatest common factor of 5695168 and 1460?
292
Calculate the highest common divisor of 30336 and 376672.
2528
Calculate the greatest common factor of 4218 and 53841364.
1406
Calculate the highest common divisor of 2952 and 142405956.
1476
Calculate the greatest common factor of 307053 and 28629171.
2817
Calculate the highest common factor of 24247737 and 22703.
311
Calculate the highest common factor of 18880 and 58984.
8
Calculate the highest common divisor of 1275 and 327124350.
75
Calculate the greatest common factor of 773121335 and 13538.
6769
What is the greatest common divisor of 153084477 and 3185?
637
Calculate the greatest common divisor of 668 and 12889060.
668
Calculate the greatest common divisor of 3228525 and 1125.
225
Calculate the highest common factor of 56 and 105678972.
28
Calculate the highest common divisor of 597628 and 4876.
212
What is the highest common divisor of 6 and 4168623?
3
What is the highest common factor of 588744 and 1872?
936
What is the highest common factor of 146160 and 7899165?
1305
What is the greatest common factor of 290181 and 187071?
1473
Calculate the highest common factor of 96893523 and 34.
17
Calculate the highest common divisor of 95709 and 267.
3
What is the greatest common divisor of 80063 and 6308693?
1357
Calculate the highest common divisor of 501394259 and 3143.
449
What is the greatest common divisor of 1556 and 7548934?
778
What is the highest common factor of 3015869 and 25908?
127
Calculate the greatest common factor of 30 and 95045630.
10
Calculate the highest common divisor of 213265781 and 1483.
1483
What is the greatest common divisor of 382854 and 4854?
6
Calculate the greatest common factor of 16596 and 148150648.
1844
What is the greatest common factor of 34 and 26707289?
17
What is the highest common divisor of 1364 and 9537440?
44
What is the greatest common factor of 1421 and 2305065?
203
Calculate the highest common divisor of 530423 and 14839.
19
Calculate the highest common factor of 12294035 and 35.
5
Calculate the greatest common factor of 4636 and 92895009.
1159
Calculate the highest common factor of 17965 and 17576956.
3593
Calculate the greatest common factor of 37 and 1553297.
37
Calculate the highest common factor of 53091470 and 670.
670
Calculate the highest common divisor of 3 and 368125.
1
Calculate the highest common divisor of 77 and 44935429.
77
What is the greatest common factor of 4 and 332405252?
4
Calculate the greatest common factor of 923718 and 7332.
6
What is the highest common divisor of 683472 and 14703?
87
Calculate the highest common divisor of 22565425 and 16775.
1525
What is the highest common divisor of 2310416 and 156024?
1576
Calculate the highest common divisor of 402741 and 478953.
657
Calculate the highest common divisor of 635 and 33786572.
127
Calculate the greatest common divisor of 11798497 and 304203.
3271
What is the greatest common factor of 48 and 936648?
24
Calculate the greatest common factor of 61 and 26776194.
61
What is the highest common divisor of 419989 and 423296?
3307
What is the highest common factor of 12062986 and 494?
494
What is the highest common divisor of 251176430 and 10?
10
What is the greatest common factor of 36 and 7982456?
4
Calculate the highest common divisor of 7425 and 6690145.
55
Calculate the greatest common factor of 548127 and 571761.
909
Calculate the greatest common factor of 4089 and 6945942.
141
What is the highest common divisor of 32476 and 7625236?
92
Calculate the highest common divisor of 8184 and 560299828.
1364
What is the highest common factor of 2193433 and 22?
11
Calculate the greatest common divisor of 7552348 and 392870.
4622
Calculate the greatest common factor of 2277291 and 45167.
1457
Calculate the highest common divisor of 416218208 and 2958.
986
Calculate the highest common factor of 4416020 and 155.
5
Calculate the greatest common factor of 229 and 206261216.
229
What is the greatest common factor of 341 and 730224?
11
Calculate the highest common divisor of 10626035 and 70.
35
What is the greatest common divisor of 20 and 109221645?
5
Calculate the highest common factor of 6077 and 234230.
59
What is the highest common divisor of 64 and 250278928?
16
What is the greatest common factor of 272 and 10227472?
272
Calculate the greatest common factor of 3252907 and 1819.
107
What is the greatest common factor of 194950 and 18970?
70
Calculate the greatest common divisor of 9204987 and 165.
33
What is the greatest common divisor of 8190220 and 5?
5
What is the greatest common factor of 2393810 and 1227134?
1634
What is the highest common factor of 380421 and 68112?
387
Calculate the greatest common divisor of 368 and 22001616.
368
Calculate the highest common factor of 775 and 817825.
25
Calculate the greatest common factor of 59867 and 15982.
131
What is the greatest common divisor of 84 and 226226868?
84
What is the greatest common factor of 410 and 120740?
10
What is the highest common divisor of 517302 and 976662?
522
What is the greatest common factor of 804768 and 802344?
2424
What is the greatest common factor of 545930 and 11930?
10
Calculate the highest common factor of 79014528 and 153.
9
What is the greatest common divisor of 21820156 and 13708?
596
Calculate the greatest common divisor of 36 and 2385253566.
18
Calculate the highest common factor of 9392 and 653331.
587
Calculate the greatest common divisor of 17613 and 1168101.
171
Calculate the greatest common divisor of 762 and 43215306.
762
What is the highest common factor of 2845773 and 77?
7
Calculate the highest common divisor of 88862916 and 180.
12
What is the highest common divisor of 25688 and 473876?
676
Calculate the highest common divisor of 25890 and 83153502.
5178
What is the greatest common factor of 244 and 6991088?
244
Calculate the greatest common factor of 16298796 and 27084.
444
What is the greatest common factor of 680229 and 121?
11
Calculate the greatest common factor of 6284595 and 2159.
127
Calculate the highest common factor of 5180 and 3077956.
1036
Calculate the highest common factor of 7464290 and 10.
10
Calculate the highest common factor of 2114698 and 16687.
1517
Calculate the greatest common factor of 882 and 2670892.
98
What is the highest common factor of 1842 and 2186538?
6
What is the greatest common factor of 29939 and 358631?
637
What is the greatest common factor of 10028 and 583418?
46
What is the highest common factor of 47450228 and 3724?
196
Calculate the highest common divisor of 51941434 and 5308.
2654
What is the greatest common divisor of 9393421 and 1606?
73
Calculate the greatest common divisor of 2 and 281749.
1
Calculate the greatest common divisor of 4797 and 183261.
39
Calculate the greatest common divisor of 108881244 and 48920.
4892
What is the highest common divisor of 19648 and 3152276?
1228
What is the greatest common divisor of 4557 and 54945051?
651
What is the highest common divisor of 24735931 and 17688?
737
Calculate the highest common factor of 48014377 and 12154.
6077
Calculate the highest common divisor of 6663585 and 7828.
1957
What is the highest common factor of 22 and 102078911?
11
Calculate the highest common factor of 1090 and 3808190.
10
Calculate the high